 5?
False
Does 22 divide 59?
False
Is 203 a factor of 6699?
True
Does 14 divide 5004?
False
Is 441 a multiple of 7?
True
Is 34 a factor of 11077?
False
Is 40545 a multiple of 17?
True
Is 11 a factor of 484?
True
Is 6 a factor of 858?
True
Does 7 divide 157?
False
Is 146 a factor of 13123?
False
Does 29 divide 4495?
True
Is 12 a factor of 18295?
False
Does 43 divide 129?
True
Is 35 a factor of 2170?
True
Is 8 a factor of 1752?
True
Does 22 divide 20548?
True
Is 105 a factor of 4935?
True
Is 49 a factor of 3332?
True
Is 726 a multiple of 11?
True
Does 78 divide 4680?
True
Is 6226 a multiple of 122?
False
Is 42 a factor of 882?
True
Does 19 divide 906?
False
Does 256 divide 9698?
False
Is 370 a multiple of 10?
True
Is 48 a factor of 20304?
True
Does 12 divide 369?
False
Is 63 a factor of 505?
False
Does 14 divide 18585?
False
Does 17 divide 2720?
True
Is 18 a factor of 34090?
False
Is 86 a factor of 1204?
True
Does 19 divide 19312?
False
Is 1596 a multiple of 133?
True
Does 6 divide 25308?
True
Is 15 a factor of 22965?
True
Is 1988 a multiple of 46?
False
Does 68 divide 15479?
False
Does 75 divide 9990?
False
Is 32509 a multiple of 59?
True
Is 3470 a multiple of 11?
False
Is 87 a factor of 45327?
True
Is 71 a factor of 1580?
False
Is 30 a factor of 54900?
True
Is 34 a factor of 204?
True
Is 19947 a multiple of 109?
True
Is 24312 a multiple of 24?
True
Does 8 divide 970?
False
Is 10 a factor of 2103?
False
Is 10 a factor of 10?
True
Is 95148 a multiple of 144?
False
Is 279 a factor of 119021?
False
Does 32 divide 4160?
True
Is 107 a factor of 3522?
False
Is 436 a multiple of 169?
False
Does 12 divide 816?
True
Is 18 a factor of 10620?
True
Does 60 divide 41220?
True
Is 29833 a multiple of 75?
False
Is 9 a factor of 549?
True
Is 20 a factor of 610?
False
Is 13 a factor of 16796?
True
Is 127 a factor of 64054?
False
Does 173 divide 865?
True
Does 5 divide 65?
True
Does 62 divide 5503?
False
Is 1067 a multiple of 28?
False
Is 106 a factor of 23850?
True
Is 1628 a multiple of 22?
True
Does 16 divide 632?
False
Is 47 a factor of 4890?
False
Does 6 divide 45162?
True
Does 47 divide 1121?
False
Is 3432 a multiple of 76?
False
Is 14 a factor of 994?
True
Is 2 a factor of 1283?
False
Is 23780 a multiple of 10?
True
Is 54 a factor of 3888?
True
Is 23553 a multiple of 86?
False
Is 2744 a multiple of 7?
True
Is 1129 a multiple of 14?
False
Is 2016 a multiple of 6?
True
Is 23019 a multiple of 39?
False
Does 54 divide 273?
False
Does 14 divide 3130?
False
Is 41 a factor of 264?
False
Does 14 divide 1489?
False
Is 3609 a multiple of 9?
True
Is 25 a factor of 3025?
True
Does 60 divide 6645?
False
Is 2 a factor of 1026?
True
Does 2 divide 13400?
True
Is 38 a factor of 228?
True
Is 36295 a multiple of 85?
True
Is 27216 a multiple of 27?
True
Is 2 a factor of 49?
False
Does 20 divide 581?
False
Is 2070 a multiple of 5?
True
Is 4 a factor of 166?
False
Is 55505 a multiple of 57?
False
Does 52 divide 1341?
False
Is 396 a multiple of 12?
True
Is 935 a multiple of 55?
True
Is 5802 a multiple of 63?
False
Is 1312 a multiple of 35?
False
Does 8 divide 27320?
True
Is 29 a factor of 442?
False
Is 14 a factor of 4467?
False
Does 9 divide 567?
True
Does 20 divide 51628?
False
Does 21 divide 210?
True
Is 3355 a multiple of 11?
True
Does 22 divide 2882?
True
Does 14 divide 3570?
True
Is 14951 a multiple of 77?
False
Does 12 divide 12151?
False
Is 13797 a multiple of 7?
True
Is 119 a factor of 12694?
False
Is 66551 a multiple of 36?
False
Does 11 divide 1639?
True
Does 111 divide 6438?
True
Is 7 a factor of 140?
True
Is 7430 a multiple of 10?
True
Is 60 a factor of 6550?
False
Does 46 divide 150282?
True
Is 11715 a multiple of 3?
True
Is 786 a multiple of 11?
False
Is 888 a multiple of 12?
True
Does 77 divide 6391?
True
Is 1421 a multiple of 46?
False
Is 464 a multiple of 13?
False
Is 420 a multiple of 84?
True
Does 10 divide 2450?
True
Is 1056 a multiple of 33?
True
Does 127 divide 5461?
True
Is 1612 a multiple of 26?
True
Is 299 a multiple of 7?
False
Is 2128 a multiple of 38?
True
Does 12 divide 492?
True
Is 127 a multiple of 2?
False
Does 19 divide 3344?
True
Is 5425 a multiple of 7?
True
Does 18 divide 3910?
False
Is 10064 a multiple of 16?
True
Is 6799 a multiple of 32?
False
Does 136 divide 14839?
False
Does 8 divide 49829?
False
Does 58 divide 314?
False
Does 6 divide 13629?
False
Does 61 divide 983?
False
Is 68 a factor of 1360?
True
Is 5596 a multiple of 75?
False
Does 19 divide 225?
False
Does 5 divide 200?
True
Is 21879 a multiple of 13?
True
Does 6 divide 2328?
True
Is 1359 a multiple of 10?
False
Does 53 divide 22209?
False
Is 28549 a multiple of 139?
False
Is 6283 a multiple of 131?
False
Is 381 a multiple of 30?
False
Does 11 divide 9586?
False
Does 44 divide 2904?
True
Does 45 divide 7614?
False
Does 42 divide 3444?
True
Does 12 divide 101711?
False
Is 10545 a multiple of 39?
False
Does 21 divide 7749?
True
Is 1179 a multiple of 9?
True
Does 13 divide 209?
False
Does 10 divide 3630?
True
Is 67410 a multiple of 12?
False
Is 103 a factor of 7704?
False
Is 96 a multiple of 6?
True
Is 6025 a multiple of 25?
True
Is 30 a factor of 2206?
False
Does 40 divide 852?
False
Does 11 divide 22?
True
Is 2488 a multiple of 86?
False
Is 54208 a multiple of 308?
True
Is 60 a factor of 1158?
False
Is 503 a multiple of 82?
False
Does 2 divide 291?
False
Does 380 divide 35366?
False
Is 14 a factor of 7742?
True
Is 22428 a multiple of 12?
True
Is 13 a factor of 390?
True
Is 64 a factor of 763?
False
Is 35 a factor of 2844?
False
Is 3 a factor of 2239?
False
Is 120 a factor of 3120?
True
Is 9 a factor of 46252?
False
Is 86945 a multiple of 422?
False
Is 170 a multiple of 17?
True
Is 58 a factor of 8019?
False
Does 4 divide 1112?
True
Does 3 divide 2265?
True
Is 55 a factor of 13904?
False
Is 896 a multiple of 112?
True
Does 78 divide 732?
False
Is 4600 a multiple of 92?
True
Is 81 a factor of 8586?
True
Is 32 a factor of 113?
False
Is 10413 a multiple of 18?
False
Does 6 divide 504?
True
Does 81 divide 137214?
True
Is 123448 a multiple of 105?
False
Is 2 a factor of 33?
False
Is 24390 a multiple of 45?
True
Does 253 divide 12220?
False
Is 616 a multiple of 9?
False
Does 10 divide 5392?
False
Does 12 divide 936?
True
Is 8256 a multiple of 111?
False
Is 29 a factor of 50750?
True
Is 10 a factor of 88751?
False
Is 27 a factor of 2440?
False
Does 7 divide 196?
True
Is 39385 a multiple of 18?
False
Is 18 a factor of 23400?
True
Is 54 a factor of 12204?
True
Is 8 a factor of 4415?
False
Is 1221 a multiple of 37?
True
Is 3101 a multiple of 13?
False
Is 46866 a multiple of 73?
True
Is 18 a factor of 64072?
False
Does 7 divide 228?
False
Does 9 divide 2834?
False
Does 12 divide 732?
True
Does 8 divide 8600?
True
Is 6623 a multiple of 36?
False
Does 12 divide 20664?
True
Does 193 divide 2123?
True
Does 20 divide 2820?
True
Is 19 a factor of 188?
False
Is 112 a factor of 1373?
False
Is 13 a factor of 1131?
True
Is 107 a factor of 21079?
True
Is 1265 a multiple of 55?
True
Does 72 divide 1540?
False
Is 10 a factor of 700?
True
Is 256 a multiple of 24?
False
Is 8 a factor of 269?
False
Does 2 divide 39?
False
Is 696 a multiple of 58?
True
Does 6 divide 11441?
False
Is 143 a multiple of 13?
True
Is 27 a factor of 147258?
True
Is 43 a factor of 1075?
True
Does 11 divide 1056?
True
Is 25 a factor of 550?
True
Does 150 divide 600?
True
Is 78 a multiple of 39?
True
Is 6401 a multiple of 37?
True
Is 88 a factor of 25996?
False
Does 27 divide 2349?
True
Is 74 a factor of 1036?
True
Does 96 divide 4416?
True
Is 12 a factor of 52?
False
Is 1050 a multiple of 30?
True
Is 9 a factor of 12528?
True
Does 8 divide 15872?
True
Does 32 divide 16949?
False
Is 566 a multiple of 8?
False
Does 13 divide 14027?
True
Does 14 divide 480?
False
Is 11 a factor of 5115?
True
Is 9 a factor of 957?
False
Is 493 a multiple of 8?
False
Is 481 a multiple of 13?
True
Is 11728 a multiple of 8?
True
Is 487 a multiple of 33?
False
Is 30 a factor of 595?
False
Does 5 divide 15315?
True
Is 2244 a multiple of 66?
True
Is 25599 a multiple of 16?
False
Is 79 a factor of 20190?
False
Does 4 divide 8748?
True
Does 53 divide 20352?
True
Is 832 a multiple of 26?
True
Is 23 a factor of 2539?
False
Is 145 a factor of 20010?
True
Does 57